{"id":2688,"date":"2020-05-26T12:44:15","date_gmt":"2020-05-26T12:44:15","guid":{"rendered":"https:\/\/www.cinedeverano.es\/1\/?page_id=2688"},"modified":"2021-03-02T16:54:11","modified_gmt":"2021-03-02T16:54:11","slug":"autocine","status":"publish","type":"page","link":"https:\/\/www.cinedeverano.es\/1\/autocine\/","title":{"rendered":"AUTOCINE"},"content":{"rendered":"\n[et_pb_section fb_built=\u00bb1&#8243; fullwidth=\u00bbon\u00bb _builder_version=\u00bb3.22&#8243; animation_style=\u00bbslide\u00bb animation_direction=\u00bbtop\u00bb animation_intensity_slide=\u00bb2%\u00bb animation_starting_opacity=\u00bb100%\u00bb][et_pb_fullwidth_header content_max_width=\u00bb700px\u00bb _builder_version=\u00bb4.0.6&#8243; title_font=\u00bbLato||||||||\u00bb title_font_size=\u00bb60px\u00bb title_line_height=\u00bb1.2em\u00bb content_font=\u00bb||||||||\u00bb content_font_size=\u00bb20px\u00bb content_line_height=\u00bb1.8em\u00bb background_color=\u00bbrgba(255, 255, 255, 0)\u00bb use_background_color_gradient=\u00bbon\u00bb background_color_gradient_start=\u00bbrgba(0,0,0,0.75)\u00bb background_color_gradient_end=\u00bbrgba(0,0,0,0)\u00bb background_color_gradient_direction=\u00bb90deg\u00bb background_color_gradient_overlays_image=\u00bbon\u00bb background_image=\u00bbhttp:\/\/www.cinedeverano.es\/1\/wp-content\/uploads\/2020\/05\/cinedeverano-Portada-autocine.jpg\u00bb custom_button_one=\u00bbon\u00bb button_one_text_size=\u00bb18px\u00bb button_one_bg_color=\u00bb#02d002&#8243; button_one_border_width=\u00bb8px\u00bb button_one_border_color=\u00bb#02d002&#8243; button_one_border_radius=\u00bb0px\u00bb button_one_letter_spacing=\u00bb1px\u00bb button_one_font=\u00bbLato|700|||||||\u00bb button_one_use_icon=\u00bboff\u00bb custom_button_two=\u00bbon\u00bb button_two_text_size=\u00bb18px\u00bb button_two_text_color=\u00bb#353740&#8243; button_two_bg_color=\u00bb#ffffff\u00bb button_two_border_width=\u00bb8px\u00bb button_two_border_color=\u00bb#ffffff\u00bb button_two_border_radius=\u00bb0px\u00bb button_two_letter_spacing=\u00bb1px\u00bb button_two_font=\u00bbLato|700|||||||\u00bb button_two_use_icon=\u00bboff\u00bb custom_margin=\u00bb|||\u00bb custom_padding=\u00bb11.5%||12%|||\u00bb button_one_letter_spacing_hover=\u00bb1px\u00bb button_two_letter_spacing_hover=\u00bb1px\u00bb button_one_text_size__hover_enabled=\u00bboff\u00bb button_two_text_size__hover_enabled=\u00bboff\u00bb button_one_text_color__hover_enabled=\u00bboff\u00bb button_two_text_color__hover_enabled=\u00bboff\u00bb button_one_border_width__hover_enabled=\u00bboff\u00bb button_two_border_width__hover_enabled=\u00bboff\u00bb button_one_border_color__hover_enabled=\u00bboff\u00bb button_two_border_color__hover_enabled=\u00bboff\u00bb button_one_border_radius__hover_enabled=\u00bboff\u00bb button_two_border_radius__hover_enabled=\u00bboff\u00bb button_one_letter_spacing__hover_enabled=\u00bbon\u00bb button_one_letter_spacing__hover=\u00bb1px\u00bb button_two_letter_spacing__hover_enabled=\u00bbon\u00bb button_two_letter_spacing__hover=\u00bb1px\u00bb button_one_bg_color__hover_enabled=\u00bboff\u00bb button_two_bg_color__hover_enabled=\u00bboff\u00bb]<p>&nbsp;<\/p>\n<p>&nbsp;<\/p>[\/et_pb_fullwidth_header][\/et_pb_section][et_pb_section fb_built=\u00bb1&#8243; _builder_version=\u00bb4.0.6&#8243; min_height=\u00bb68px\u00bb custom_margin=\u00bb||-66px|||\u00bb custom_padding=\u00bb8px|||||\u00bb][et_pb_row _builder_version=\u00bb4.0.6&#8243; custom_padding=\u00bb0px|||||\u00bb][et_pb_column type=\u00bb4_4&#8243; _builder_version=\u00bb4.0.6&#8243;][et_pb_menu menu_id=\u00bb14&#8243; menu_style=\u00bbcentered\u00bb submenu_direction=\u00bbdownwards\u00bb _builder_version=\u00bb4.0.6&#8243; menu_font=\u00bb|600|||||||\u00bb menu_text_color=\u00bb#ff6600&#8243; menu_font_size=\u00bb13px\u00bb min_height=\u00bb24px\u00bb custom_margin=\u00bb-5px||-63px||false|false\u00bb custom_padding=\u00bb0px|||||\u00bb box_shadow_style=\u00bbpreset1&#8243; box_shadow_color=\u00bb#ff6600&#8243; global_module=\u00bb2338&#8243; saved_tabs=\u00bball\u00bb][\/et_pb_menu][\/et_pb_column][\/et_pb_row][\/et_pb_section][et_pb_section fb_built=\u00bb1&#8243; _builder_version=\u00bb4.0.6&#8243; custom_margin=\u00bb117px|||||\u00bb][et_pb_row _builder_version=\u00bb4.0.6&#8243; min_height=\u00bb288px\u00bb custom_margin=\u00bb-100px|auto||auto||\u00bb custom_padding=\u00bb116px|||||\u00bb][et_pb_column type=\u00bb4_4&#8243; _builder_version=\u00bb4.0.6&#8243;][et_pb_text _builder_version=\u00bb4.0.6&#8243; min_height=\u00bb325px\u00bb custom_margin=\u00bb-159px|||||\u00bb custom_padding=\u00bb14px||0px|||\u00bb]<h2>AUTOCINE<\/h2>\n<h4>ERESMA AUDIOVISUALES te ofrece el novedoso servicio de AUTOCINE (Drive-in Cinema).<\/h4>\n<p>\u00bfPorqu\u00e9 no sentirnos como Danny Zucko (John Travolta) y Sandy (Olivia Newton) asistiendo con nuestro coche a un autocine como el de la pel\u00edcula Grease?<\/p>\n<p>Despu\u00e9s de un a\u00f1o de desarrollo, ponemos a disposici\u00f3n de nuestros clientes un servicio muy demandado en estas et\u00e1pas iniciales de incorporaci\u00f3n a la normalidad por la c\u00f3modidad que supone poder ver nuestra pel\u00edcula favorita desde la comodidad y seguridad de nuestro propio veh\u00edculo, en familia, con amig@s, con un estupendo sonido saliendo por el equipo de sonido de nuestro coche.<\/p>\n<p>Nosotros ofrecemos nuestras pantallas hinchables gigantes de hasta 12 x6 metros que permiten una estupenda visibilidad, junto con equipos de proyecci\u00f3n de 15.000 lumens y un excelente sonido transmitido por FM hasta los veh\u00edculos de los espectadores, lo que permite a cada uno elegir el vol\u00famen al que quieren escuchar la pel\u00edcula, y adem\u00e1s evitar molestias de ruidos a los vecinos de la zona.<\/p>\n<p>El cliente solo debe proveer de una explada grande en la que \u201cacomodar\u201d los veh\u00edculos visitantes y disfrutar de todo un cl\u00e1sico del cine como son los Drive-in Cinemas, de la mano de una empresa que sabe muy bien lo que es el cine, despu\u00e9s de 78 a\u00f1os proyectando ilusiones.<\/p>\n<p>&nbsp;<\/p>[\/et_pb_text][\/et_pb_column][\/et_pb_row][et_pb_row column_structure=\u00bb1_2,1_2&#8243; _builder_version=\u00bb4.0.6&#8243; custom_padding=\u00bb0px|||||\u00bb][et_pb_column type=\u00bb1_2&#8243; _builder_version=\u00bb4.0.6&#8243;][et_pb_image src=\u00bbhttp:\/\/www.cinedeverano.es\/1\/wp-content\/uploads\/2020\/05\/distribucion-eresma.jpg\u00bb _builder_version=\u00bb4.0.6&#8243;][\/et_pb_image][\/et_pb_column][et_pb_column type=\u00bb1_2&#8243; _builder_version=\u00bb4.0.6&#8243;][et_pb_image src=\u00bbhttp:\/\/www.cinedeverano.es\/1\/wp-content\/uploads\/2020\/05\/autocine.jpg\u00bb _builder_version=\u00bb4.0.6&#8243;][\/et_pb_image][\/et_pb_column][\/et_pb_row][et_pb_row _builder_version=\u00bb4.0.6&#8243; custom_margin=\u00bb13px|auto||auto||\u00bb][et_pb_column type=\u00bb4_4&#8243; _builder_version=\u00bb4.0.6&#8243;][et_pb_image src=\u00bbhttp:\/\/www.cinedeverano.es\/1\/wp-content\/uploads\/2020\/08\/bajo-cine-verano.jpg\u00bb show_in_lightbox=\u00bbon\u00bb _builder_version=\u00bb4.0.6&#8243; hover_enabled=\u00bb0&#8243;][\/et_pb_image][et_pb_menu menu_id=\u00bb13&#8243; menu_style=\u00bbcentered\u00bb submenu_direction=\u00bbupwards\u00bb _builder_version=\u00bb4.0.6&#8243; menu_font=\u00bb|600|||||||\u00bb menu_text_color=\u00bb#ff6600&#8243; menu_font_size=\u00bb13px\u00bb box_shadow_style=\u00bbpreset1&#8243; box_shadow_color=\u00bb#ff6600&#8243;][\/et_pb_menu][\/et_pb_column][\/et_pb_row][\/et_pb_section]\n","protected":false},"excerpt":{"rendered":"","protected":false},"author":1,"featured_media":0,"parent":0,"menu_order":0,"comment_status":"closed","ping_status":"closed","template":"page-template-blank.php","meta":{"_et_pb_use_builder":"on","_et_pb_old_content":"","footnotes":""},"class_list":["post-2688","page","type-page","status-publish","hentry"],"_links":{"self":[{"href":"https:\/\/www.cinedeverano.es\/1\/wp-json\/wp\/v2\/pages\/2688","targetHints":{"allow":["GET"]}}],"collection":[{"href":"https:\/\/www.cinedeverano.es\/1\/wp-json\/wp\/v2\/pages"}],"about":[{"href":"https:\/\/www.cinedeverano.es\/1\/wp-json\/wp\/v2\/types\/page"}],"author":[{"embeddable":true,"href":"https:\/\/www.cinedeverano.es\/1\/wp-json\/wp\/v2\/users\/1"}],"replies":[{"embeddable":true,"href":"https:\/\/www.cinedeverano.es\/1\/wp-json\/wp\/v2\/comments?post=2688"}],"version-history":[{"count":12,"href":"https:\/\/www.cinedeverano.es\/1\/wp-json\/wp\/v2\/pages\/2688\/revisions"}],"predecessor-version":[{"id":2929,"href":"https:\/\/www.cinedeverano.es\/1\/wp-json\/wp\/v2\/pages\/2688\/revisions\/2929"}],"wp:attachment":[{"href":"https:\/\/www.cinedeverano.es\/1\/wp-json\/wp\/v2\/media?parent=2688"}],"curies":[{"name":"wp","href":"https:\/\/api.w.org\/{rel}","templated":true}]}}