{"id":2617,"date":"2020-05-19T15:13:56","date_gmt":"2020-05-19T15:13:56","guid":{"rendered":"https:\/\/www.cinedeverano.es\/1\/?page_id=2617"},"modified":"2020-08-05T17:38:29","modified_gmt":"2020-08-05T17:38:29","slug":"distribucion-de-peliculas","status":"publish","type":"page","link":"https:\/\/www.cinedeverano.es\/1\/distribucion-de-peliculas\/","title":{"rendered":"DISTRIBUCI\u00d3N DE PEL\u00cdCULAS"},"content":{"rendered":"<p>[et_pb_section fb_built=\u00bb1&#8243; fullwidth=\u00bbon\u00bb _builder_version=\u00bb3.22&#8243; animation_style=\u00bbslide\u00bb animation_direction=\u00bbtop\u00bb animation_intensity_slide=\u00bb2%\u00bb animation_starting_opacity=\u00bb100%\u00bb][et_pb_fullwidth_header content_max_width=\u00bb700px\u00bb _builder_version=\u00bb4.0.6&#8243; title_font=\u00bbLato||||||||\u00bb title_font_size=\u00bb60px\u00bb title_line_height=\u00bb1.2em\u00bb content_font=\u00bb||||||||\u00bb content_font_size=\u00bb20px\u00bb content_line_height=\u00bb1.8em\u00bb background_color=\u00bbrgba(255, 255, 255, 0)\u00bb use_background_color_gradient=\u00bbon\u00bb background_color_gradient_start=\u00bbrgba(0,0,0,0.75)\u00bb background_color_gradient_end=\u00bbrgba(0,0,0,0)\u00bb background_color_gradient_direction=\u00bb90deg\u00bb background_color_gradient_overlays_image=\u00bbon\u00bb background_image=\u00bbhttp:\/\/www.cinedeverano.es\/1\/wp-content\/uploads\/2020\/05\/4portada.jpg\u00bb custom_button_one=\u00bbon\u00bb button_one_text_size=\u00bb18px\u00bb button_one_bg_color=\u00bb#02d002&#8243; button_one_border_width=\u00bb8px\u00bb button_one_border_color=\u00bb#02d002&#8243; button_one_border_radius=\u00bb0px\u00bb button_one_letter_spacing=\u00bb1px\u00bb button_one_font=\u00bbLato|700|||||||\u00bb button_one_use_icon=\u00bboff\u00bb custom_button_two=\u00bbon\u00bb button_two_text_size=\u00bb18px\u00bb button_two_text_color=\u00bb#353740&#8243; button_two_bg_color=\u00bb#ffffff\u00bb button_two_border_width=\u00bb8px\u00bb button_two_border_color=\u00bb#ffffff\u00bb button_two_border_radius=\u00bb0px\u00bb button_two_letter_spacing=\u00bb1px\u00bb button_two_font=\u00bbLato|700|||||||\u00bb button_two_use_icon=\u00bboff\u00bb custom_margin=\u00bb|||\u00bb custom_padding=\u00bb11.5%||12%|||\u00bb button_one_letter_spacing_hover=\u00bb1px\u00bb button_two_letter_spacing_hover=\u00bb1px\u00bb button_one_text_size__hover_enabled=\u00bboff\u00bb button_two_text_size__hover_enabled=\u00bboff\u00bb button_one_text_color__hover_enabled=\u00bboff\u00bb button_two_text_color__hover_enabled=\u00bboff\u00bb button_one_border_width__hover_enabled=\u00bboff\u00bb button_two_border_width__hover_enabled=\u00bboff\u00bb button_one_border_color__hover_enabled=\u00bboff\u00bb button_two_border_color__hover_enabled=\u00bboff\u00bb button_one_border_radius__hover_enabled=\u00bboff\u00bb button_two_border_radius__hover_enabled=\u00bboff\u00bb button_one_letter_spacing__hover_enabled=\u00bbon\u00bb button_one_letter_spacing__hover=\u00bb1px\u00bb button_two_letter_spacing__hover_enabled=\u00bbon\u00bb button_two_letter_spacing__hover=\u00bb1px\u00bb button_one_bg_color__hover_enabled=\u00bboff\u00bb button_two_bg_color__hover_enabled=\u00bboff\u00bb]<\/p>\n<p>&nbsp;<\/p>\n<p>&nbsp;<\/p>\n<p>[\/et_pb_fullwidth_header][\/et_pb_section][et_pb_section fb_built=\u00bb1&#8243; _builder_version=\u00bb4.0.6&#8243; min_height=\u00bb68px\u00bb custom_margin=\u00bb||-66px|||\u00bb custom_padding=\u00bb8px|||||\u00bb][et_pb_row _builder_version=\u00bb4.0.6&#8243; custom_padding=\u00bb0px|||||\u00bb][et_pb_column type=\u00bb4_4&#8243; _builder_version=\u00bb4.0.6&#8243;][et_pb_menu menu_id=\u00bb14&#8243; menu_style=\u00bbcentered\u00bb submenu_direction=\u00bbdownwards\u00bb _builder_version=\u00bb4.0.6&#8243; menu_font=\u00bb|600|||||||\u00bb menu_text_color=\u00bb#ff6600&#8243; menu_font_size=\u00bb13px\u00bb min_height=\u00bb24px\u00bb custom_margin=\u00bb-5px||-63px||false|false\u00bb custom_padding=\u00bb0px|||||\u00bb box_shadow_style=\u00bbpreset1&#8243; box_shadow_color=\u00bb#ff6600&#8243; global_module=\u00bb2338&#8243; saved_tabs=\u00bball\u00bb][\/et_pb_menu][\/et_pb_column][\/et_pb_row][\/et_pb_section][et_pb_section fb_built=\u00bb1&#8243; _builder_version=\u00bb4.0.6&#8243; custom_margin=\u00bb117px|||||\u00bb][et_pb_row _builder_version=\u00bb4.0.6&#8243; min_height=\u00bb288px\u00bb custom_margin=\u00bb-100px|auto||auto||\u00bb custom_padding=\u00bb116px|||||\u00bb][et_pb_column type=\u00bb4_4&#8243; _builder_version=\u00bb4.0.6&#8243;][et_pb_text _builder_version=\u00bb4.0.6&#8243; min_height=\u00bb325px\u00bb custom_margin=\u00bb-159px|||||\u00bb custom_padding=\u00bb14px||0px|||\u00bb]<\/p>\n<h2>Derechos de exhibici\u00f3n de Peliculas \/ Comunicaci\u00f3n p\u00fablica<\/h2>\n<p>JJ Audiovisuales les proporciona la autorizaci\u00f3n necesaria <strong>(por escrito)<\/strong> para la exhibici\u00f3n audiovisual de pel\u00edculas en ayuntamientos, museos , centros comerciales, asociaciones , fundaciones, colegios , centros culturales, autocares &#8230; Para ello disponemos de un amplio listado de pel\u00edculas en el que se incluyen los t\u00edtulos pertenecientes a las Compa\u00f1\u00edas Multinacionales e independientes existentes en el mercado espa\u00f1ol.<\/p>\n<p>La extensa experiencia en el sector de la exhibici\u00f3n nos hace trabajar de manera personalizada con nuestros Clientes en sus programaciones de <strong>CINE<\/strong>, tanto en recintos cerrados como en v\u00eda p\u00fablica .<\/p>\n<p>En el comienzo de cada pel\u00edcula que precede a las grabaciones audiovisuales, aparece claramente la restricci\u00f3n de que cualquier exhibici\u00f3n fuera del \u00e1mbito dom\u00e9stico se considera una exhibici\u00f3n \u00f3 comunicaci\u00f3n p\u00fablica, siendo ilegal de no mediar la correspondiente licencia de exhibici\u00f3n .<\/p>\n<p>LA LEY DEL CINE: Indica que la comunicaci\u00f3n P\u00fablica de una obra \u00abtodo acto por el cual una pluraridad de personas puede tener acceso a la obra sin previa distribuci\u00f3n de ejemplares a cada una de ellas. (\u2026) los videos y DVD exhibidos fuera del \u00e1mbito dom\u00e9stico son considerados exhibiciones p\u00fablicas y, por tanto, su uso requiere de la autorizaci\u00f3n expresa del propietario de los derechos.\u201d (Art. 20.1 del texto refundido de la ley de propiedad intelectual 1\/1996 de 12 de abril). Es decir, se considerar\u00e1 p\u00fablica toda proyecci\u00f3n realizada fuera del domicilio particular.<\/p>\n<p>[\/et_pb_text][\/et_pb_column][\/et_pb_row][et_pb_row column_structure=\u00bb1_3,1_3,1_3&#8243; _builder_version=\u00bb4.0.6&#8243; min_height=\u00bb379px\u00bb custom_padding=\u00bb34px||0px|||\u00bb][et_pb_column type=\u00bb1_3&#8243; _builder_version=\u00bb4.0.6&#8243;][et_pb_image src=\u00bbhttp:\/\/www.cinedeverano.es\/1\/wp-content\/uploads\/2020\/05\/distribucion-peliculas-eresma-3-1.jpg\u00bb show_in_lightbox=\u00bbon\u00bb _builder_version=\u00bb4.0.6&#8243;][\/et_pb_image][\/et_pb_column][et_pb_column type=\u00bb1_3&#8243; _builder_version=\u00bb4.0.6&#8243;][et_pb_image src=\u00bbhttp:\/\/www.cinedeverano.es\/1\/wp-content\/uploads\/2020\/05\/distribucion-cine-eresma-4-1.jpg\u00bb show_in_lightbox=\u00bbon\u00bb _builder_version=\u00bb4.0.6&#8243;][\/et_pb_image][\/et_pb_column][et_pb_column type=\u00bb1_3&#8243; _builder_version=\u00bb4.0.6&#8243;][et_pb_image src=\u00bbhttp:\/\/www.cinedeverano.es\/1\/wp-content\/uploads\/2020\/05\/distribucion-peliculas-eresma-2-1.jpg\u00bb show_in_lightbox=\u00bbon\u00bb _builder_version=\u00bb4.0.6&#8243;][\/et_pb_image][\/et_pb_column][\/et_pb_row][et_pb_row column_structure=\u00bb1_2,1_2&#8243; _builder_version=\u00bb4.0.6&#8243; min_height=\u00bb591px\u00bb custom_padding=\u00bb35px|||||\u00bb][et_pb_column type=\u00bb1_2&#8243; _builder_version=\u00bb4.0.6&#8243;][et_pb_image src=\u00bbhttp:\/\/www.cinedeverano.es\/1\/wp-content\/uploads\/2020\/05\/cinedeverano16distribucion.jpg\u00bb show_in_lightbox=\u00bbon\u00bb _builder_version=\u00bb4.0.6&#8243;][\/et_pb_image][\/et_pb_column][et_pb_column type=\u00bb1_2&#8243; _builder_version=\u00bb4.0.6&#8243;][et_pb_image src=\u00bbhttp:\/\/www.cinedeverano.es\/1\/wp-content\/uploads\/2020\/05\/cinedeverano17distribucion.jpg\u00bb show_in_lightbox=\u00bbon\u00bb _builder_version=\u00bb4.0.6&#8243;][\/et_pb_image][\/et_pb_column][\/et_pb_row][et_pb_row _builder_version=\u00bb4.0.6&#8243; custom_margin=\u00bb11px|auto||auto||\u00bb][et_pb_column type=\u00bb4_4&#8243; _builder_version=\u00bb4.0.6&#8243;][et_pb_image src=\u00bbhttp:\/\/www.cinedeverano.es\/1\/wp-content\/uploads\/2020\/08\/bajo-cine-verano.jpg\u00bb show_in_lightbox=\u00bbon\u00bb _builder_version=\u00bb4.0.6&#8243; hover_enabled=\u00bb0&#8243;][\/et_pb_image][et_pb_menu menu_id=\u00bb13&#8243; menu_style=\u00bbcentered\u00bb submenu_direction=\u00bbupwards\u00bb _builder_version=\u00bb4.0.6&#8243; menu_font=\u00bb|600|||||||\u00bb menu_text_color=\u00bb#ff6600&#8243; menu_font_size=\u00bb13px\u00bb box_shadow_style=\u00bbpreset1&#8243; box_shadow_color=\u00bb#ff6600&#8243;][\/et_pb_menu][\/et_pb_column][\/et_pb_row][\/et_pb_section]<\/p>\n","protected":false},"excerpt":{"rendered":"<p>[et_pb_section fb_built=\u00bb1&#8243; fullwidth=\u00bbon\u00bb _builder_version=\u00bb3.22&#8243; animation_style=\u00bbslide\u00bb animation_direction=\u00bbtop\u00bb animation_intensity_slide=\u00bb2%\u00bb animation_starting_opacity=\u00bb100%\u00bb][et_pb_fullwidth_header content_max_width=\u00bb700px\u00bb _builder_version=\u00bb4.0.6&#8243; title_font=\u00bbLato||||||||\u00bb title_font_size=\u00bb60px\u00bb title_line_height=\u00bb1.2em\u00bb content_font=\u00bb||||||||\u00bb content_font_size=\u00bb20px\u00bb content_line_height=\u00bb1.8em\u00bb background_color=\u00bbrgba(255, 255, 255, 0)\u00bb use_background_color_gradient=\u00bbon\u00bb background_color_gradient_start=\u00bbrgba(0,0,0,0.75)\u00bb background_color_gradient_end=\u00bbrgba(0,0,0,0)\u00bb background_color_gradient_direction=\u00bb90deg\u00bb background_color_gradient_overlays_image=\u00bbon\u00bb background_image=\u00bbhttp:\/\/www.cinedeverano.es\/1\/wp-content\/uploads\/2020\/05\/4portada.jpg\u00bb custom_button_one=\u00bbon\u00bb button_one_text_size=\u00bb18px\u00bb button_one_bg_color=\u00bb#02d002&#8243; button_one_border_width=\u00bb8px\u00bb button_one_border_color=\u00bb#02d002&#8243; button_one_border_radius=\u00bb0px\u00bb button_one_letter_spacing=\u00bb1px\u00bb button_one_font=\u00bbLato|700|||||||\u00bb button_one_use_icon=\u00bboff\u00bb custom_button_two=\u00bbon\u00bb button_two_text_size=\u00bb18px\u00bb button_two_text_color=\u00bb#353740&#8243; button_two_bg_color=\u00bb#ffffff\u00bb button_two_border_width=\u00bb8px\u00bb button_two_border_color=\u00bb#ffffff\u00bb button_two_border_radius=\u00bb0px\u00bb button_two_letter_spacing=\u00bb1px\u00bb button_two_font=\u00bbLato|700|||||||\u00bb button_two_use_icon=\u00bboff\u00bb custom_margin=\u00bb|||\u00bb custom_padding=\u00bb11.5%||12%|||\u00bb button_one_letter_spacing_hover=\u00bb1px\u00bb button_two_letter_spacing_hover=\u00bb1px\u00bb button_one_text_size__hover_enabled=\u00bboff\u00bb button_two_text_size__hover_enabled=\u00bboff\u00bb button_one_text_color__hover_enabled=\u00bboff\u00bb button_two_text_color__hover_enabled=\u00bboff\u00bb button_one_border_width__hover_enabled=\u00bboff\u00bb button_two_border_width__hover_enabled=\u00bboff\u00bb [&hellip;]<\/p>\n","protected":false},"author":1,"featured_media":0,"parent":0,"menu_order":0,"comment_status":"closed","ping_status":"closed","template":"page-template-blank.php","meta":{"_et_pb_use_builder":"on","_et_pb_old_content":"","footnotes":""},"class_list":["post-2617","page","type-page","status-publish","hentry"],"_links":{"self":[{"href":"https:\/\/www.cinedeverano.es\/1\/wp-json\/wp\/v2\/pages\/2617","targetHints":{"allow":["GET"]}}],"collection":[{"href":"https:\/\/www.cinedeverano.es\/1\/wp-json\/wp\/v2\/pages"}],"about":[{"href":"https:\/\/www.cinedeverano.es\/1\/wp-json\/wp\/v2\/types\/page"}],"author":[{"embeddable":true,"href":"https:\/\/www.cinedeverano.es\/1\/wp-json\/wp\/v2\/users\/1"}],"replies":[{"embeddable":true,"href":"https:\/\/www.cinedeverano.es\/1\/wp-json\/wp\/v2\/comments?post=2617"}],"version-history":[{"count":11,"href":"https:\/\/www.cinedeverano.es\/1\/wp-json\/wp\/v2\/pages\/2617\/revisions"}],"predecessor-version":[{"id":2917,"href":"https:\/\/www.cinedeverano.es\/1\/wp-json\/wp\/v2\/pages\/2617\/revisions\/2917"}],"wp:attachment":[{"href":"https:\/\/www.cinedeverano.es\/1\/wp-json\/wp\/v2\/media?parent=2617"}],"curies":[{"name":"wp","href":"https:\/\/api.w.org\/{rel}","templated":true}]}}

DISTRIBUCIÓN DE PELÍCULAS

<p>[et_pb_section fb_built=»1&#8243; fullwidth=»on» _builder_version=»3.22&#8243; animation_style=»slide» animation_direction=»top» animation_intensity_slide=»2%» animation_starting_opacity=»100%»][et_pb_fullwidth_header content_max_width=»700px» _builder_version=»4.0.6&#8243; title_font=»Lato||||||||» title_font_size=»60px» title_line_height=»1.2em» content_font=»||||||||» content_font_size=»20px» content_line_height=»1.8em» background_color=»rgba(255, 255, 255, 0)» use_background_color_gradient=»on» background_color_gradient_start=»rgba(0,0,0,0.75)» background_color_gradient_end=»rgba(0,0,0,0)» background_color_gradient_direction=»90deg» background_color_gradient_overlays_image=»on» background_image=»http://www.cinedeverano.es/1/wp-content/uploads/2020/05/4portada.jpg» custom_button_one=»on» button_one_text_size=»18px» button_one_bg_color=»#02d002&#8243; button_one_border_width=»8px» button_one_border_color=»#02d002&#8243; button_one_border_radius=»0px» button_one_letter_spacing=»1px» button_one_font=»Lato|700|||||||» button_one_use_icon=»off» custom_button_two=»on» button_two_text_size=»18px» button_two_text_color=»#353740&#8243; button_two_bg_color=»#ffffff» button_two_border_width=»8px» button_two_border_color=»#ffffff» button_two_border_radius=»0px» button_two_letter_spacing=»1px» button_two_font=»Lato|700|||||||» button_two_use_icon=»off» custom_margin=»|||» custom_padding=»11.5%||12%|||» button_one_letter_spacing_hover=»1px» button_two_letter_spacing_hover=»1px» button_one_text_size__hover_enabled=»off» button_two_text_size__hover_enabled=»off» button_one_text_color__hover_enabled=»off» button_two_text_color__hover_enabled=»off» button_one_border_width__hover_enabled=»off» button_two_border_width__hover_enabled=»off» button_one_border_color__hover_enabled=»off» button_two_border_color__hover_enabled=»off» button_one_border_radius__hover_enabled=»off» button_two_border_radius__hover_enabled=»off» button_one_letter_spacing__hover_enabled=»on» button_one_letter_spacing__hover=»1px» button_two_letter_spacing__hover_enabled=»on» button_two_letter_spacing__hover=»1px» button_one_bg_color__hover_enabled=»off» button_two_bg_color__hover_enabled=»off»]</p>
<p>&nbsp;</p>
<p>&nbsp;</p>
<p>[/et_pb_fullwidth_header][/et_pb_section][et_pb_section fb_built=»1&#8243; _builder_version=»4.0.6&#8243; min_height=»68px» custom_margin=»||-66px|||» custom_padding=»8px|||||»][et_pb_row _builder_version=»4.0.6&#8243; custom_padding=»0px|||||»][et_pb_column type=»4_4&#8243; _builder_version=»4.0.6&#8243;][et_pb_menu menu_id=»14&#8243; menu_style=»centered» submenu_direction=»downwards» _builder_version=»4.0.6&#8243; menu_font=»|600|||||||» menu_text_color=»#ff6600&#8243; menu_font_size=»13px» min_height=»24px» custom_margin=»-5px||-63px||false|false» custom_padding=»0px|||||» box_shadow_style=»preset1&#8243; box_shadow_color=»#ff6600&#8243; global_module=»2338&#8243; saved_tabs=»all»][/et_pb_menu][/et_pb_column][/et_pb_row][/et_pb_section][et_pb_section fb_built=»1&#8243; _builder_version=»4.0.6&#8243; custom_margin=»117px|||||»][et_pb_row _builder_version=»4.0.6&#8243; min_height=»288px» custom_margin=»-100px|auto||auto||» custom_padding=»116px|||||»][et_pb_column type=»4_4&#8243; _builder_version=»4.0.6&#8243;][et_pb_text _builder_version=»4.0.6&#8243; min_height=»325px» custom_margin=»-159px|||||» custom_padding=»14px||0px|||»]</p>
<h2>Derechos de exhibición de Peliculas / Comunicación pública</h2>
<p>JJ Audiovisuales les proporciona la autorización necesaria <strong>(por escrito)</strong> para la exhibición audiovisual de películas en ayuntamientos, museos , centros comerciales, asociaciones , fundaciones, colegios , centros culturales, autocares &#8230; Para ello disponemos de un amplio listado de películas en el que se incluyen los títulos pertenecientes a las Compañías Multinacionales e independientes existentes en el mercado español.</p>
<p>La extensa experiencia en el sector de la exhibición nos hace trabajar de manera personalizada con nuestros Clientes en sus programaciones de <strong>CINE</strong>, tanto en recintos cerrados como en vía pública .</p>
<p>En el comienzo de cada película que precede a las grabaciones audiovisuales, aparece claramente la restricción de que cualquier exhibición fuera del ámbito doméstico se considera una exhibición ó comunicación pública, siendo ilegal de no mediar la correspondiente licencia de exhibición .</p>
<p>LA LEY DEL CINE: Indica que la comunicación Pública de una obra «todo acto por el cual una pluraridad de personas puede tener acceso a la obra sin previa distribución de ejemplares a cada una de ellas. (…) los videos y DVD exhibidos fuera del ámbito doméstico son considerados exhibiciones públicas y, por tanto, su uso requiere de la autorización expresa del propietario de los derechos.” (Art. 20.1 del texto refundido de la ley de propiedad intelectual 1/1996 de 12 de abril). Es decir, se considerará pública toda proyección realizada fuera del domicilio particular.</p>
<p>[/et_pb_text][/et_pb_column][/et_pb_row][et_pb_row column_structure=»1_3,1_3,1_3&#8243; _builder_version=»4.0.6&#8243; min_height=»379px» custom_padding=»34px||0px|||»][et_pb_column type=»1_3&#8243; _builder_version=»4.0.6&#8243;][et_pb_image src=»http://www.cinedeverano.es/1/wp-content/uploads/2020/05/distribucion-peliculas-eresma-3-1.jpg» show_in_lightbox=»on» _builder_version=»4.0.6&#8243;][/et_pb_image][/et_pb_column][et_pb_column type=»1_3&#8243; _builder_version=»4.0.6&#8243;][et_pb_image src=»http://www.cinedeverano.es/1/wp-content/uploads/2020/05/distribucion-cine-eresma-4-1.jpg» show_in_lightbox=»on» _builder_version=»4.0.6&#8243;][/et_pb_image][/et_pb_column][et_pb_column type=»1_3&#8243; _builder_version=»4.0.6&#8243;][et_pb_image src=»http://www.cinedeverano.es/1/wp-content/uploads/2020/05/distribucion-peliculas-eresma-2-1.jpg» show_in_lightbox=»on» _builder_version=»4.0.6&#8243;][/et_pb_image][/et_pb_column][/et_pb_row][et_pb_row column_structure=»1_2,1_2&#8243; _builder_version=»4.0.6&#8243; min_height=»591px» custom_padding=»35px|||||»][et_pb_column type=»1_2&#8243; _builder_version=»4.0.6&#8243;][et_pb_image src=»http://www.cinedeverano.es/1/wp-content/uploads/2020/05/cinedeverano16distribucion.jpg» show_in_lightbox=»on» _builder_version=»4.0.6&#8243;][/et_pb_image][/et_pb_column][et_pb_column type=»1_2&#8243; _builder_version=»4.0.6&#8243;][et_pb_image src=»http://www.cinedeverano.es/1/wp-content/uploads/2020/05/cinedeverano17distribucion.jpg» show_in_lightbox=»on» _builder_version=»4.0.6&#8243;][/et_pb_image][/et_pb_column][/et_pb_row][et_pb_row _builder_version=»4.0.6&#8243; custom_margin=»11px|auto||auto||»][et_pb_column type=»4_4&#8243; _builder_version=»4.0.6&#8243;][et_pb_image src=»http://www.cinedeverano.es/1/wp-content/uploads/2020/08/bajo-cine-verano.jpg» show_in_lightbox=»on» _builder_version=»4.0.6&#8243; hover_enabled=»0&#8243;][/et_pb_image][et_pb_menu menu_id=»13&#8243; menu_style=»centered» submenu_direction=»upwards» _builder_version=»4.0.6&#8243; menu_font=»|600|||||||» menu_text_color=»#ff6600&#8243; menu_font_size=»13px» box_shadow_style=»preset1&#8243; box_shadow_color=»#ff6600&#8243;][/et_pb_menu][/et_pb_column][/et_pb_row][/et_pb_section]</p>
